base 14.
4051d
Convert 3332359 (base 11) to base 8.
26227560
What is -6078345 (base 9) in base 10?
-3240689
-1526612 (base 7) to base 16
-32fcf
What is -3104155 (base 7) in base 8?
-1325017
-54505 (base 16) to base 2
-1010100010100000101
-2455607 (base 9) to base 3
-2111212200021
-16452144 (base 7) to base 8
-6107335
What is -7aa80b (base 12) in base 11?
-1124342
-257a21 (base 11) to base 14
-a7c9b
Convert -1231022 (base 4) to base 12.
-4062
22757460 (base 9) to base 4
222101030001
What is bb0a7 (base 13) in base 11?
211335
1592618 (base 10) to base 16
184d2a
545115 (base 7) to base 8
272267
2966a5 (base 15) to base 4
13213111202
What is dce015 (base 15) in base 13?
22474ac
-14a236 (base 13) to base 3
-221210200202
Convert -25272 (base 16) to base 9.
-251666
-412013255 (base 6) to base 3
-111100101210222
What is 430100001 (base 5) in base 14?
34bd97
Convert -2131342422 (base 5) to base 10.
-4559112
3550524 (base 7) to base 3
211211020220
What is 21aa79 (base 13) in base 8?
3020433
What is -102642516 (base 7) in base 14?
-b5130d
Convert -860611 (base 9) to base 13.
-14c212
Convert -12bb3 (base 15) to base 6.
-1141510
What is -11230115 (base 6) in base 13?
-c16a6
What is -e6f7 (base 16) in base 9?
-100086
What is 39a32b (base 16) in base 11?
214aa60
Convert -5c464c (base 13) to base 16.
-21b527
Convert -412103011 (base 5) to base 16.
-199075
45c241 (base 16) to base 5
2132243323
Convert -216829 (base 11) to base 10.
-345728
3110230 (base 7) to base 10
372274
-300011130 (base 4) to base 2
-110000000101011100
Convert -1968535 (base 15) to base 12.
-626ab65
What is 1306362 (base 9) in base 15?
e150b
Convert -18a15 (base 15) to base 9.
-131532
79671 (base 14) to base 11
191606
What is -1033205 (base 6) in base 7?
-302321
-1435516 (base 8) to base 5
-101032043
310758 (base 9) to base 7
1365254
What is 4320271 (base 11) in base 9?
15261772
Convert 621b (base 16) to base 12.
1264b
Convert -401c8 (base 13) to base 5.
-12131302
Convert -13210033121 (base 4) to base 15.
-292a4e
What is 20021202211002 (base 3) in base 10?
3341603
Convert -4c422 (base 14) to base 2.
-101101110000001110
44a0624 (base 11) to base 13
182a810
3c8337 (base 14) to base 2
111111111111110011101
41212a (base 13) to base 4
11302223330
Convert 4553566 (base 8) to base 4.
10231131312
-10000011101101000111 (base 2) to base 6
-15321303
-2032032002 (base 4) to base 7
-4644224
What is 35663 (base 8) in base 6?
154431
What is 1b8913 (base 14) in base 5?
222443013
What is -305145 (base 9) in base 10?
-180914
What is 20244334 (base 5) in base 8?
503332
Convert 2324423 (base 6) to base 3.
20002221220
Convert -11011001101020 (base 3) to base 16.
-21a73d
Convert 433254 (base 6) to base 9.
54027
Convert 45643 (base 16) to base 12.
118597
-159288 (base 13) to base 10
-534321
15186b (base 14) to base 13
1c9306
Convert -173bb2 (base 12) to base 2.
-1100001110111110110
What is 1000000000001010000 (base 2) in base 12?
107900
What is 117052 (base 12) in base 13?
9b303
Convert -1100301322 (base 4) to base 16.
-50c7a
-3681cd (base 16) to base 4
-31220013031
Convert -56005643 (base 7) to base 16.
-49a231
Convert 1120102220120 (base 3) to base 11.
520696
-2202121200011 (base 3) to base 9
-2677604
Convert 3a6ca (base 15) to base 8.
555435
What is 253032334 (base 6) in base 16?
4ad1a2
-2750c03 (base 13) to base 12
-419a595
-13401045 (base 6) to base 5
-103420003
What is 10001100011101100 (base 2) in base 14?
1c2cc
-41220121 (base 6) to base 3
-2020011221211
Convert 1563 (base 9) to base 4.
102213
10012000222200 (base 3) to base 15
236b73
Convert 2745b6 (base 15) to base 10.
1887921
What is 2c972 (base 13) in base 15?
1a335
What is -11000100100000110 (base 2) in base 15?
-1ec29
Convert 6a227 (base 14) to base 3.
111010102000
Convert -5054c (base 13) to base 14.
-3a534
What is -1010111111110011 (base 2) in base 9?
-67707
What is 3601 (base 14) in base 3?
110220111
Convert -302131110 (base 5) to base 10.
-1208280
What is -1010101100010100001 (base 2) in base 11?
-21a268
dd47 (base 16) to base 8
156507
What is -3513215 (base 6) in base 5?
-21242000
Convert 15304434 (base 8) to base 10.
3508508
What is -8335080 (base 9) in base 11?
-2570a01
1243333 (base 6) to base 10
68169
1001248 (base 11) to base 4
12300322002
What is -422547 (base 8) in base 12?
-69487
Convert 20453521 (base 6) to base 4.
2102010121
Convert 111330012203 (base 4) to base 6.
323133535
What is -12120102021 (base 3) in base 7?
-634456
What is 123243 (base 10) in base 6?
2350323
Convert -60205524 (base 7) to base 3.
-100100211221210
What is 3605845 (base 9) in base 6?
105505235
What is 3001435 (base 6) in base 15?
2b8bb
What is 74493 (base 11) in base 9?
174621
Convert -1231322 (base 5) to base 2.
-101110110011010
Convert 111436 (base 11) to base 10.
177546
-303012432 (base 6) to base 8
-23606444
What is -446875 (base 15) in base 11?
-1928a00
-1eda2c (base 15) to base 11
-94478a
What is 4a460a (base 11) in base 14?
16a494
Convert -2412a66 (base 11) to base 4.
-100002311113
What is -159046 (base 10) in base 13?
-57514
What is 1473276 (base 8) in base 9?
715072
What is 9a598 (base 11) in base 7?
1145022
-100056 (base 11) to base 8
-472530
103014505 (base 6) to base 4
12330303221
-677045 (base 10) to base 4
-2211102311
Convert 10333313023 (base 4) to base 16.
13fdcb
What is -5551344 (base 7) in base 16?
-a7307
Convert 482797 (base 11) to base 5.
143434242
What is 2fd97 (base 16) in base 15?
3d111
-163251203 (base 7) to base 5
-10320330234
2caf3 (base 16) to base 15
3936c
Convert 12101220222 (base 3) to base 9.
171828
1203231220 (base 4) to base 7
3320512
43336 (base 12) to base 7
516213
Convert 34335555 (base 6) to base 2.
100000001100011011111
Convert 1104440330 (base 5) to base 13.
66a15c
What is -509a8 (base 11) in base 3?
-10210002000
Convert 140212634 (base 7) to base 14.
12cac1b
What is -1681a (base 15) in base 8?
-215774
20326102 (base 8) to base 15
5a0393
Convert -12022012120002 (base 3) to base 16.
-2b02a1
399a0 (base 12) to base 7
446556
Convert -15a758a (base 12) to base 11.
-256a742
What is 11424130 (base 5) in base 9?
174174
Convert -bad67 (base 14) to base 9.
-758830
What is 11556846 (base 9) in base 4?
111202302210
What is -114101 (base 6) in base 15?
-2e4d
What is -310445 (base 7) in base 12?
-2684b
What is -147152 (base 11) in base 6?
-4524410
Convert 1100000000101101 (base 2) to base 3.
2111111010
What is -110000001011100100110 (base 2) in base 7?
-16263613
Convert 144552 (base 13) to base 14.
cc6a1
What is -2000030 (base 5) in base 6?
-400425
1504b14 (base 13) to base 6
355250242
Convert 20112002022 (base 3) to base 12.
62352
What is -10721152 (base 8) in base 6?
-122015430
What is 3104503 (base 10) in base 2?
1011110101111011110111
Convert 52954 (base 14) to base 7.
1460234
What is 43b88 (base 12) in base 10?
89816
Convert 350061 (base 10) to base 6.
11300353
What is -4326501 (base 7) in base 8?
-2007373
What is 93995 (base 13) in base 4?
1000301003
Convert -bd572 (base 15) to base 9.
-1116678
What is 31230023 (base 4) in base 13?
1c6a6
Convert 110100100101011111 (base 2) to base 4.
310211133
Convert 5667a07 (base 11) to base 15.
d0eee6
Convert -20726644 (base 8) to base 3.
-22100100011202
What is -113101301 (base 6) in base 13?
-58a419
What is -654815 (base 9) in base 12?
-16a105
Convert -20120211110021 (base 3) to base 7.
-41515561
What is 320303013 (base 4) in base 14?
60ad9
What is 267237 (base 9) in base 5?
20202023
What is 11039 (base 11) in base 8?
37216
Convert 141732 (base 15) to base 16.
ec0d8
Convert 1416822 (base 9) to base 3.
1110120220202
What is 13243251 (base 6) in base 14?
b6bdd
What is 268876 (base 14) in base 9?
2446080
1134804 (base 9) to base 13
18647b
Convert 5535344 (base 6) to base 13.
99280
What is 101332102 (base 4) in base 9?
121877
Convert 24032022 (base 5) to base 11.
140a57
Convert -67378 (base 10) to base 5.
-4124003
-25a9237 (base 11) to base 15
-5e064d
What is 1325326 (base 7) in base 16?
2aaa2
123222213012 (base 4) to base 13
166c098
What is 159b4b (base 12) in base 3?
200210010212
What is -95852 (base 10) in base 13?
-34823
Convert 1166115 (base 7) to base 14.
3d045
What is 186064 (base 9) in base 12?
57141
-23224402 (base 5) to base 16
-3391b
4455766 (base 12) to base 5
11320141140
10100100